8186?
True
Is 652715588 a multiple of 1076?
True
Does 2041 divide 107050450?
True
Is 5289 a factor of 712423011?
True
Is 24951168 a multiple of 176?
True
Is 117059944 a multiple of 3167?
False
Is 112288411 a multiple of 34?
False
Is 107106579 a multiple of 12?
False
Is 105079500 a multiple of 10?
True
Does 29 divide 217064454?
False
Is 1726689810 a multiple of 138?
True
Is 194 a factor of 5421218450?
True
Does 1478 divide 2635720589?
False
Does 14 divide 43992242?
True
Is 1430561143 a multiple of 258?
False
Is 9 a factor of 513583938?
True
Does 102 divide 51713648?
False
Is 30 a factor of 72016103?
False
Is 310 a factor of 4239377720?
True
Is 897733453 a multiple of 17?
False
Is 144 a factor of 2362320?
True
Does 2068 divide 134268194?
False
Does 170 divide 17452161?
False
Is 229948063 a multiple of 821?
False
Does 5 divide 6730318?
False
Is 244 a factor of 715752772?
True
Is 12 a factor of 393328359?
False
Is 2608972935 a multiple of 67?
False
Does 7845 divide 258367052?
False
Is 1499 a factor of 1392172347?
False
Does 41 divide 316241763?
False
Does 2254 divide 759293710?
True
Does 1060 divide 297834867?
False
Is 17 a factor of 415335687?
True
Is 30 a factor of 1725270?
True
Does 1637 divide 28876536?
False
Does 320 divide 24673600?
True
Does 3 divide 118169215?
False
Is 55668900 a multiple of 350?
True
Does 485 divide 309729245?
True
Is 145031313 a multiple of 7?
True
Does 531 divide 76601529?
True
Is 58244896 a multiple of 10?
False
Is 1380 a factor of 58689261?
False
Is 13283936 a multiple of 353?
False
Does 6161 divide 848733199?
True
Does 548 divide 479058364?
False
Is 548719873 a multiple of 13?
True
Is 1081030820 a multiple of 10?
True
Is 71427092 a multiple of 52?
False
Is 35 a factor of 48124265?
True
Is 1647271 a multiple of 4?
False
Does 157 divide 38899048?
False
Is 68 a factor of 5476244?
True
Is 590 a factor of 1759436465?
False
Is 3 a factor of 141613093?
False
Does 191 divide 29941136?
False
Is 45363962 a multiple of 4?
False
Is 293909986 a multiple of 697?
False
Does 1097 divide 340392518?
True
Is 10890231 a multiple of 11?
True
Is 7645145 a multiple of 129?
False
Is 46228868 a multiple of 611?
False
Does 52 divide 1045406380?
False
Is 31225003 a multiple of 4?
False
Is 214244527 a multiple of 288?
False
Is 5732587 a multiple of 1139?
True
Is 800427173 a multiple of 184?
False
Does 6 divide 944213358?
True
Does 932 divide 3400650437?
False
Is 27825246 a multiple of 610?
False
Is 211 a factor of 573028?
False
Does 2 divide 1439149290?
True
Is 3685465 a multiple of 3?
False
Does 6 divide 159430632?
True
Is 139 a factor of 812116118?
True
Is 212 a factor of 232699314?
False
Does 17 divide 31821858?
True
Is 278 a factor of 441359860?
False
Is 388352536 a multiple of 19?
False
Is 6322472220 a multiple of 612?
False
Does 46 divide 244980452?
True
Does 240 divide 100768560?
True
Does 57 divide 244883970?
True
Is 4025229978 a multiple of 17?
True
Is 470 a factor of 224679740?
True
Is 20520999 a multiple of 157?
True
Is 136679276 a multiple of 57?
False
Is 29 a factor of 70083607?
False
Does 52 divide 597338331?
False
Is 15 a factor of 881023550?
False
Is 27 a factor of 189733773?
False
Does 12 divide 20710476?
True
Does 7 divide 426017893?
True
Is 260 a factor of 1458823340?
True
Is 1418259306 a multiple of 22?
False
Is 28 a factor of 6710004?
True
Does 79 divide 383939425?
False
Does 14 divide 234543764?
True
Does 560 divide 181487040?
True
Is 48498625 a multiple of 544?
False
Does 12 divide 607895002?
False
Is 131091738 a multiple of 411?
True
Is 48 a factor of 3945964032?
True
Is 75 a factor of 366800680?
False
Does 25 divide 121476616?
False
Is 28 a factor of 4081687?
False
Does 17 divide 63760430?
False
Is 4 a factor of 179002944?
True
Is 44549646 a multiple of 99?
False
Does 4 divide 1312343223?
False
Is 93 a factor of 629948799?
True
Is 31242431 a multiple of 61?
True
Does 7 divide 7163668?
False
Is 36325224 a multiple of 9?
True
Is 130884122 a multiple of 46?
True
Does 13 divide 62795902?
True
Does 4 divide 4558935?
False
Is 398590002 a multiple of 2?
True
Does 280 divide 30273320?
True
Is 52247469 a multiple of 109?
False
Is 43 a factor of 856020?
False
Does 3901 divide 144075633?
True
Is 1029366923 a multiple of 8?
False
Is 919457580 a multiple of 47?
False
Does 5567 divide 1529875853?
False
Is 64 a factor of 942292288?
True
Is 42 a factor of 1610658?
True
Is 859 a factor of 51867279?
True
Does 368 divide 1879533136?
True
Is 593 a factor of 507673634?
False
Is 9 a factor of 348860026?
False
Is 158 a factor of 284391784?
True
Is 30910836 a multiple of 66?
True
Does 6 divide 104298150?
True
Does 175 divide 858025?
True
Is 2054782778 a multiple of 43?
True
Is 21880664 a multiple of 50?
False
Is 191543860 a multiple of 563?
True
Is 6780 a factor of 1133134620?
True
Is 3 a factor of 1628168?
False
Does 557 divide 418988768?
True
Is 995 a factor of 2154399870?
True
Does 15 divide 212208705?
True
Is 4 a factor of 439691128?
True
Is 150 a factor of 1765965300?
True
Is 123347334 a multiple of 2134?
True
Does 2499 divide 12919830?
True
Does 1400 divide 175163494?
False
Is 99058128 a multiple of 208?
True
Is 10489 a factor of 259494385?
False
Is 2530 a factor of 1970624590?
True
Is 2078185632 a multiple of 201?
True
Is 84 a factor of 31903178?
False
Is 2777330 a multiple of 10?
True
Does 42 divide 347698585?
False
Is 1285859257 a multiple of 19?
True
Does 23 divide 13607175?
False
Does 139 divide 190788723?
False
Does 65 divide 17493631?
False
Does 253 divide 102957085?
True
Is 2396 a factor of 605862907?
False
Is 47772005 a multiple of 200?
False
Is 6558564977 a multiple of 1537?
True
Is 5039888 a multiple of 8?
True
Is 109047984 a multiple of 438?
True
Does 19 divide 1316429917?
False
Is 89 a factor of 1697448228?
True
Is 5422184 a multiple of 17?
True
Is 910432 a multiple of 92?
True
Is 42 a factor of 247603104?
True
Does 260 divide 491129222?
False
Does 100 divide 311860441?
False
Does 349 divide 4250820698?
True
Does 1337 divide 75551522?
False
Does 585 divide 218754900?
True
Is 1847 a factor of 73082811?
False
Is 50 a factor of 40530152?
False
Is 69702986 a multiple of 461?
False
Is 525352016 a multiple of 644?
True
Is 107 a factor of 389146374?
True
Is 7 a factor of 104617085?
False
Is 20 a factor of 76056969?
False
Does 371 divide 206276?
True
Is 13 a factor of 5023603?
True
Is 34134162 a multiple of 137?
False
Is 44 a factor of 522616959?
False
Does 24 divide 19159464?
True
Does 917 divide 126483644?
True
Is 9 a factor of 357550?
False
Is 192 a factor of 10140029?
False
Is 161 a factor of 29671012?
True
Is 864039828 a multiple of 389?
False
Does 11 divide 94916074?
True
Does 554 divide 646183384?
True
Is 11914898 a multiple of 681?
False
Is 17275530 a multiple of 23?
True
Is 18 a factor of 611232480?
True
Is 4 a factor of 246629100?
True
Is 6 a factor of 55470384?
True
Is 192 a factor of 226742611?
False
Is 813158153 a multiple of 503?
False
Is 12 a factor of 75479795?
False
Does 353 divide 4167749568?
True
Is 15 a factor of 673793955?
True
Is 225 a factor of 49780496?
False
Is 177593796 a multiple of 461?
True
Is 16 a factor of 24843719?
False
Is 182080590 a multiple of 3226?
False
Does 1581 divide 13492254?
True
Is 71934749 a multiple of 247?
False
Is 12341391 a multiple of 96?
False
Is 2802303578 a multiple of 23?
True
Is 1072623636 a multiple of 259?
True
Is 4 a factor of 3900460?
True
Is 14 a factor of 736857598?
False
Is 874814815 a multiple of 1615?
True
Is 4540890610 a multiple of 214?
True
Does 142 divide 102464786?
True
Does 108 divide 847021212?
True
Does 72 divide 403470072?
True
Is 91962567 a multiple of 457?
True
Is 289369269 a multiple of 823?
True
Is 486106697 a multiple of 2?
False
Does 64 divide 5678244?
False
Does 110 divide 24592585?
False
Is 63 a factor of 629538167?
False
Is 493 a factor of 247979?
True
Is 81767760 a multiple of 368?
True
Is 151081558 a multiple of 45?
False
Does 34 divide 34293250?
True
Is 146852082 a multiple of 1192?
False
Does 606 divide 160136712?
True
Does 43 divide 79134964?
True
Is 21708568 a multiple of 4?
True
Is 439 a factor of 4200272482?
False
Is 107 a factor of 27232249?
True
Does 33 divide 39736818?
True
Is 290 a factor of 9781990?
True
Does 81 divide 240578181?
True